{"id":12,"date":"2022-11-11T19:46:14","date_gmt":"2022-11-11T18:46:14","guid":{"rendered":"https:\/\/www.petra-richter-rose.de\/?page_id=12"},"modified":"2024-10-25T11:20:56","modified_gmt":"2024-10-25T09:20:56","slug":"ueber-uns","status":"publish","type":"page","link":"https:\/\/www.petra-richter-rose.de\/?page_id=12","title":{"rendered":"Aktuell"},"content":{"rendered":"\n<h5 class=\"wp-block-heading\"><strong><strong><strong>08.11.24 &#8211; 09.11.24<\/strong><\/strong> Ratinger Kunsttage 2024<\/strong><\/h5>\n\n\n\n<p class=\"has-normal-font-size\">Meine Arbeiten sind zu sehen bei:<\/p>\n\n\n\n<p class=\"has-normal-font-size\">Freiwilligenb\u00f6rse Ratingen,  Br\u00fcckstra\u00dfe 1, 40882 Ratingen<\/p>\n\n\n\n<figure class=\"wp-block-image size-full\"><img decoding=\"async\" src=\"https:\/\/svedu.de\/wp-content\/uploads\/2024\/10\/quadrat-scaled.jpg\" alt=\"\" class=\"wp-image-623\"\/><\/figure>\n\n\n\n<div style=\"height:57px\" aria-hidden=\"true\" class=\"wp-block-spacer\"><\/div>\n\n\n\n<h5 class=\"wp-block-heading\"><strong><strong><strong>09.06.24 &#8211; 31.10.24<\/strong><\/strong> Ausstellung St\u00e4dtische Musikschule Ratingen<\/strong><\/h5>\n\n\n\n<figure class=\"wp-block-image size-large\"><img decoding=\"async\" width=\"725\" height=\"1024\" src=\"https:\/\/www.petra-richter-rose.de\/wp-content\/uploads\/2024\/06\/PlakatKlangKunst-725x1024.jpg\" alt=\"\" class=\"wp-image-231\" srcset=\"https:\/\/www.petra-richter-rose.de\/wp-content\/uploads\/2024\/06\/PlakatKlangKunst-725x1024.jpg 725w, https:\/\/www.petra-richter-rose.de\/wp-content\/uploads\/2024\/06\/PlakatKlangKunst-212x300.jpg 212w, https:\/\/www.petra-richter-rose.de\/wp-content\/uploads\/2024\/06\/PlakatKlangKunst-768x1085.jpg 768w, https:\/\/www.petra-richter-rose.de\/wp-content\/uploads\/2024\/06\/PlakatKlangKunst.jpg 1080w\" sizes=\"(max-width: 725px) 100vw, 725px\" \/><\/figure>\n\n\n\n<div style=\"height:57px\" aria-hidden=\"true\" class=\"wp-block-spacer\"><\/div>\n\n\n\n<h5 class=\"wp-block-heading\"><strong><strong><strong>18.11.23  &#8211; 19.11.23<\/strong><\/strong> Ausstellung im Haus am Quall<\/strong><\/h5>\n\n\n\n<figure class=\"wp-block-image size-large is-resized is-style-twentytwentyone-image-frame\"><img decoding=\"async\" width=\"1024\" height=\"1024\" src=\"https:\/\/www.petra-richter-rose.de\/wp-content\/uploads\/2023\/11\/infosquare-1024x1024.jpg\" alt=\"\" class=\"wp-image-213\" style=\"aspect-ratio:1;width:610px;height:auto\" srcset=\"https:\/\/www.petra-richter-rose.de\/wp-content\/uploads\/2023\/11\/infosquare-1024x1024.jpg 1024w, https:\/\/www.petra-richter-rose.de\/wp-content\/uploads\/2023\/11\/infosquare-300x300.jpg 300w, https:\/\/www.petra-richter-rose.de\/wp-content\/uploads\/2023\/11\/infosquare-150x150.jpg 150w, https:\/\/www.petra-richter-rose.de\/wp-content\/uploads\/2023\/11\/infosquare-768x768.jpg 768w, https:\/\/www.petra-richter-rose.de\/wp-content\/uploads\/2023\/11\/infosquare.jpg 1080w\" sizes=\"(max-width: 1024px) 100vw, 1024px\" \/><\/figure>\n\n\n\n<div style=\"height:53px\" aria-hidden=\"true\" class=\"wp-block-spacer\"><\/div>\n\n\n\n<h5 class=\"wp-block-heading\"><strong><strong>20.10.23 &#8211; 21.10.23<\/strong> Ratinger Kunsttage<\/strong><\/h5>\n\n\n\n<figure class=\"wp-block-image size-large is-resized\"><img decoding=\"async\" width=\"725\" height=\"1024\" src=\"https:\/\/www.petra-richter-rose.de\/wp-content\/uploads\/2023\/11\/Plakat_m-725x1024.jpg\" alt=\"\" class=\"wp-image-212\" srcset=\"https:\/\/www.petra-richter-rose.de\/wp-content\/uploads\/2023\/11\/Plakat_m-725x1024.jpg 725w, https:\/\/www.petra-richter-rose.de\/wp-content\/uploads\/2023\/11\/Plakat_m-212x300.jpg 212w, https:\/\/www.petra-richter-rose.de\/wp-content\/uploads\/2023\/11\/Plakat_m.jpg 768w\" sizes=\"(max-width: 725px) 100vw, 725px\" \/><\/figure>\n\n\n\n<div style=\"height:53px\" aria-hidden=\"true\" class=\"wp-block-spacer\"><\/div>\n\n\n\n<h5 class=\"wp-block-heading\"><strong>01.07.23 &#8211; 02.07.23 Kunstevent Haus am Quall<\/strong><\/h5>\n\n\n\n<figure class=\"wp-block-image size-large is-resized\"><img decoding=\"async\" width=\"724\" height=\"1024\" src=\"https:\/\/www.petra-richter-rose.de\/wp-content\/uploads\/2023\/06\/Plakat_Quall-724x1024.jpg\" alt=\"\" class=\"wp-image-208\" srcset=\"https:\/\/www.petra-richter-rose.de\/wp-content\/uploads\/2023\/06\/Plakat_Quall-724x1024.jpg 724w, https:\/\/www.petra-richter-rose.de\/wp-content\/uploads\/2023\/06\/Plakat_Quall-212x300.jpg 212w, https:\/\/www.petra-richter-rose.de\/wp-content\/uploads\/2023\/06\/Plakat_Quall-768x1087.jpg 768w, https:\/\/www.petra-richter-rose.de\/wp-content\/uploads\/2023\/06\/Plakat_Quall-1086x1536.jpg 1086w, https:\/\/www.petra-richter-rose.de\/wp-content\/uploads\/2023\/06\/Plakat_Quall.jpg 1357w\" sizes=\"(max-width: 724px) 100vw, 724px\" \/><\/figure>\n\n\n\n<div style=\"height:53px\" aria-hidden=\"true\" class=\"wp-block-spacer\"><\/div>\n\n\n\n<h5 class=\"wp-block-heading\"><strong>17.06.23 Sommerfest im Oberschlesischen Landesmuseum<\/strong><\/h5>\n\n\n\n<p>zur Webseite: <a href=\"https:\/\/oberschlesisches-landesmuseum.de\/blog\/2023\/06\/01\/17-06-2023-ab-1430-uhr-sommerfest\/\"><strong>Sommerfest im Oberschlesischen Landesmuseum<\/strong><\/a><\/p>\n\n\n\n<div class=\"wp-block-columns is-layout-flex wp-container-core-columns-is-layout-53642b31 wp-block-columns-is-layout-flex\" style=\"padding-top:0;padding-right:0;padding-bottom:0;padding-left:0\">\n<div class=\"wp-block-column is-layout-flow wp-block-column-is-layout-flow\" style=\"flex-basis:35%\"><div class=\"wp-block-image is-style-default\">\n<figure class=\"aligncenter size-full\"><img decoding=\"async\" width=\"805\" height=\"1701\" src=\"https:\/\/www.petra-richter-rose.de\/wp-content\/uploads\/2023\/06\/ober2.jpg\" alt=\"\" class=\"wp-image-182\" srcset=\"https:\/\/www.petra-richter-rose.de\/wp-content\/uploads\/2023\/06\/ober2.jpg 805w, https:\/\/www.petra-richter-rose.de\/wp-content\/uploads\/2023\/06\/ober2-142x300.jpg 142w, https:\/\/www.petra-richter-rose.de\/wp-content\/uploads\/2023\/06\/ober2-485x1024.jpg 485w, https:\/\/www.petra-richter-rose.de\/wp-content\/uploads\/2023\/06\/ober2-768x1623.jpg 768w, https:\/\/www.petra-richter-rose.de\/wp-content\/uploads\/2023\/06\/ober2-727x1536.jpg 727w\" sizes=\"(max-width: 805px) 100vw, 805px\" \/><\/figure>\n<\/div><\/div>\n\n\n\n<div class=\"wp-block-column is-layout-flow wp-block-column-is-layout-flow\" style=\"flex-basis:65%\"><div class=\"wp-block-image\">\n<figure class=\"aligncenter size-full\"><img decoding=\"async\" width=\"602\" height=\"738\" src=\"https:\/\/www.petra-richter-rose.de\/wp-content\/uploads\/2023\/06\/ober1.jpg\" alt=\"\" class=\"wp-image-183\" srcset=\"https:\/\/www.petra-richter-rose.de\/wp-content\/uploads\/2023\/06\/ober1.jpg 602w, https:\/\/www.petra-richter-rose.de\/wp-content\/uploads\/2023\/06\/ober1-245x300.jpg 245w\" sizes=\"(max-width: 602px) 100vw, 602px\" \/><\/figure>\n<\/div><\/div>\n<\/div>\n\n\n\n<div style=\"height:53px\" aria-hidden=\"true\" class=\"wp-block-spacer\"><\/div>\n\n\n\n<h5 class=\"wp-block-heading\"><strong>07.05.23 &#8211; 04.12.23 Ausstellung bei FIDUS in Ratingen<\/strong><\/h5>\n\n\n\n<figure class=\"wp-block-image size-full\"><img decoding=\"async\" width=\"905\" height=\"459\" src=\"https:\/\/www.petra-richter-rose.de\/wp-content\/uploads\/2023\/06\/image.jpg\" alt=\"\" class=\"wp-image-192\" srcset=\"https:\/\/www.petra-richter-rose.de\/wp-content\/uploads\/2023\/06\/image.jpg 905w, https:\/\/www.petra-richter-rose.de\/wp-content\/uploads\/2023\/06\/image-300x152.jpg 300w, https:\/\/www.petra-richter-rose.de\/wp-content\/uploads\/2023\/06\/image-768x390.jpg 768w\" sizes=\"(max-width: 905px) 100vw, 905px\" \/><\/figure>\n\n\n\n<div style=\"height:53px\" aria-hidden=\"true\" class=\"wp-block-spacer\"><\/div>\n\n\n\n<h5 class=\"wp-block-heading\"><strong>16.04.23 &#8211; 07.05.23 QQTec feiert den 10. internationalen Kunstpreis<\/strong><\/h5>\n\n\n\n<p>Seit dem Jahre 2010 gibt es j\u00e4hrlich \u2013 inzwischen als Biennale zweij\u00e4hrlich \u2013 eine international ausgeschriebene, jurierte und pr\u00e4mierte thematische Ausstellung in der Galerie QQArt in Hilden. &nbsp;Aus den eingereichten&nbsp;846 Arbeiten wurden 36 Kunstwerke von 33 K\u00fcnstlerinnen und K\u00fcnstlern&nbsp;f\u00fcr die Ausstellung ausgew\u00e4hlt. Petra Richter-Rose ist mit ihrer Arbeit &#8222;Parzellen&#8220;&nbsp;vertreten.<\/p>\n\n\n\n<figure class=\"wp-block-image size-large\"><img decoding=\"async\" width=\"724\" height=\"1024\" src=\"https:\/\/www.petra-richter-rose.de\/wp-content\/uploads\/2023\/04\/Plakat-Fokus-768x1086-1-724x1024.jpg\" alt=\"\" class=\"wp-image-178\" srcset=\"https:\/\/www.petra-richter-rose.de\/wp-content\/uploads\/2023\/04\/Plakat-Fokus-768x1086-1-724x1024.jpg 724w, https:\/\/www.petra-richter-rose.de\/wp-content\/uploads\/2023\/04\/Plakat-Fokus-768x1086-1-212x300.jpg 212w, https:\/\/www.petra-richter-rose.de\/wp-content\/uploads\/2023\/04\/Plakat-Fokus-768x1086-1.jpg 768w\" sizes=\"(max-width: 724px) 100vw, 724px\" \/><\/figure>\n\n\n\n<p>zur Webseite: <a href=\"https:\/\/www.qqtec.de\/2023\/04\/qqtec-feiert-kunstpreis\/\"><strong>QQTec 10. Internationaler Kunstpreis<\/strong><\/a><\/p>\n\n\n\n<div style=\"height:53px\" aria-hidden=\"true\" class=\"wp-block-spacer\"><\/div>\n\n\n\n<h5 class=\"wp-block-heading\"><strong>14.01.23 &#8211; 29.01.23 Ausstellung im Haus Hildener K\u00fcnstler H6<\/strong><\/h5>\n\n\n\n<div class=\"wp-block-columns is-layout-flex wp-container-core-columns-is-layout-9d6595d7 wp-block-columns-is-layout-flex\">\n<div class=\"wp-block-column is-layout-flow wp-block-column-is-layout-flow\">\n<figure class=\"wp-block-image size-large\"><img decoding=\"async\" width=\"519\" height=\"1024\" src=\"https:\/\/www.petra-richter-rose.de\/wp-content\/uploads\/2023\/01\/Einladung1-519x1024.jpg\" alt=\"\" class=\"wp-image-171\" srcset=\"https:\/\/www.petra-richter-rose.de\/wp-content\/uploads\/2023\/01\/Einladung1-519x1024.jpg 519w, https:\/\/www.petra-richter-rose.de\/wp-content\/uploads\/2023\/01\/Einladung1-152x300.jpg 152w, https:\/\/www.petra-richter-rose.de\/wp-content\/uploads\/2023\/01\/Einladung1-768x1515.jpg 768w, https:\/\/www.petra-richter-rose.de\/wp-content\/uploads\/2023\/01\/Einladung1-778x1536.jpg 778w, https:\/\/www.petra-richter-rose.de\/wp-content\/uploads\/2023\/01\/Einladung1.jpg 973w\" sizes=\"(max-width: 519px) 100vw, 519px\" \/><\/figure>\n\n\n\n<figure class=\"wp-block-image size-large\"><img decoding=\"async\" width=\"1024\" height=\"912\" src=\"https:\/\/www.petra-richter-rose.de\/wp-content\/uploads\/2023\/01\/Einladung2-1024x912.jpg\" alt=\"\" class=\"wp-image-173\" srcset=\"https:\/\/www.petra-richter-rose.de\/wp-content\/uploads\/2023\/01\/Einladung2-1024x912.jpg 1024w, https:\/\/www.petra-richter-rose.de\/wp-content\/uploads\/2023\/01\/Einladung2-300x267.jpg 300w, https:\/\/www.petra-richter-rose.de\/wp-content\/uploads\/2023\/01\/Einladung2-768x684.jpg 768w, https:\/\/www.petra-richter-rose.de\/wp-content\/uploads\/2023\/01\/Einladung2.jpg 1240w\" sizes=\"(max-width: 1024px) 100vw, 1024px\" \/><\/figure>\n<\/div>\n\n\n\n<div class=\"wp-block-column is-layout-flow wp-block-column-is-layout-flow\">\n<figure class=\"wp-block-image size-large is-resized\"><img decoding=\"async\" width=\"273\" height=\"1024\" src=\"https:\/\/www.petra-richter-rose.de\/wp-content\/uploads\/2023\/01\/Artikel-RP-vom-4.1.2023-001-273x1024.jpg\" alt=\"\" class=\"wp-image-172\" srcset=\"https:\/\/www.petra-richter-rose.de\/wp-content\/uploads\/2023\/01\/Artikel-RP-vom-4.1.2023-001-273x1024.jpg 273w, https:\/\/www.petra-richter-rose.de\/wp-content\/uploads\/2023\/01\/Artikel-RP-vom-4.1.2023-001-80x300.jpg 80w, https:\/\/www.petra-richter-rose.de\/wp-content\/uploads\/2023\/01\/Artikel-RP-vom-4.1.2023-001-410x1536.jpg 410w, https:\/\/www.petra-richter-rose.de\/wp-content\/uploads\/2023\/01\/Artikel-RP-vom-4.1.2023-001.jpg 472w\" sizes=\"(max-width: 273px) 100vw, 273px\" \/><\/figure>\n<\/div>\n<\/div>\n\n\n\n<div style=\"height:53px\" aria-hidden=\"true\" class=\"wp-block-spacer\"><\/div>\n\n\n\n<h5 class=\"wp-block-heading\"><strong>27.11.22 &#8211; 04.01.23 Ausstellung bei Brillen Broden &#8211; Ratingen<\/strong><\/h5>\n\n\n\n<figure class=\"wp-block-image size-large\"><img decoding=\"async\" width=\"1024\" height=\"723\" src=\"https:\/\/www.petra-richter-rose.de\/wp-content\/uploads\/2022\/11\/broden-scaled-e1669744398515-1024x723.jpeg\" alt=\"\" class=\"wp-image-105\" srcset=\"https:\/\/www.petra-richter-rose.de\/wp-content\/uploads\/2022\/11\/broden-scaled-e1669744398515-1024x723.jpeg 1024w, https:\/\/www.petra-richter-rose.de\/wp-content\/uploads\/2022\/11\/broden-scaled-e1669744398515-300x212.jpeg 300w, https:\/\/www.petra-richter-rose.de\/wp-content\/uploads\/2022\/11\/broden-scaled-e1669744398515-768x542.jpeg 768w, https:\/\/www.petra-richter-rose.de\/wp-content\/uploads\/2022\/11\/broden-scaled-e1669744398515-1536x1085.jpeg 1536w, https:\/\/www.petra-richter-rose.de\/wp-content\/uploads\/2022\/11\/broden-scaled-e1669744398515-2048x1446.jpeg 2048w, https:\/\/www.petra-richter-rose.de\/wp-content\/uploads\/2022\/11\/broden-scaled-e1669744398515-1568x1107.jpeg 1568w, https:\/\/www.petra-richter-rose.de\/wp-content\/uploads\/2022\/11\/broden-scaled-e1669744398515.jpeg 1920w\" sizes=\"(max-width: 1024px) 100vw, 1024px\" \/><\/figure>\n\n\n\n<p>Artikel in der Rheinischen Post vom 1.12.22:<\/p>\n\n\n\n<p><a rel=\"noreferrer noopener\" href=\"https:\/\/rp-online.de\/nrw\/staedte\/ratingen\/ratingen-kuenstlerin-zeigt-papierkunst-beim-optiker_aid-80819049\" target=\"_blank\">https:\/\/rp-online.de\/nrw\/staedte\/ratingen\/ratingen-kuenstlerin-zeigt-papierkunst-beim-optiker_aid-80819049<\/a><\/p>\n","protected":false},"excerpt":{"rendered":"<p>08.11.24 &#8211; 09.11.24 Ratinger Kunsttage 2024 Meine Arbeiten sind zu sehen bei: Freiwilligenb\u00f6rse Ratingen, Br\u00fcckstra\u00dfe 1, 40882 Ratingen 09.06.24 &#8211; 31.10.24 Ausstellung St\u00e4dtische Musikschule Ratingen 18.11.23 &#8211; 19.11.23 Ausstellung im Haus am Quall 20.10.23 &#8211; 21.10.23 Ratinger Kunsttage 01.07.23 &#8211; 02.07.23 Kunstevent Haus am Quall 17.06.23 Sommerfest im Oberschlesischen Landesmuseum zur Webseite: Sommerfest im Oberschlesischen&hellip; <a class=\"more-link\" href=\"https:\/\/www.petra-richter-rose.de\/?page_id=12\"><span class=\"screen-reader-text\">Aktuell<\/span> weiterlesen<\/a><\/p>\n","protected":false},"author":1,"featured_media":0,"parent":0,"menu_order":0,"comment_status":"closed","ping_status":"closed","template":"","meta":{"footnotes":""},"class_list":["post-12","page","type-page","status-publish","hentry","entry"],"_links":{"self":[{"href":"https:\/\/www.petra-richter-rose.de\/index.php?rest_route=\/wp\/v2\/pages\/12","targetHints":{"allow":["GET"]}}],"collection":[{"href":"https:\/\/www.petra-richter-rose.de\/index.php?rest_route=\/wp\/v2\/pages"}],"about":[{"href":"https:\/\/www.petra-richter-rose.de\/index.php?rest_route=\/wp\/v2\/types\/page"}],"author":[{"embeddable":true,"href":"https:\/\/www.petra-richter-rose.de\/index.php?rest_route=\/wp\/v2\/users\/1"}],"replies":[{"embeddable":true,"href":"https:\/\/www.petra-richter-rose.de\/index.php?rest_route=%2Fwp%2Fv2%2Fcomments&post=12"}],"version-history":[{"count":39,"href":"https:\/\/www.petra-richter-rose.de\/index.php?rest_route=\/wp\/v2\/pages\/12\/revisions"}],"predecessor-version":[{"id":237,"href":"https:\/\/www.petra-richter-rose.de\/index.php?rest_route=\/wp\/v2\/pages\/12\/revisions\/237"}],"wp:attachment":[{"href":"https:\/\/www.petra-richter-rose.de\/index.php?rest_route=%2Fwp%2Fv2%2Fmedia&parent=12"}],"curies":[{"name":"wp","href":"https:\/\/api.w.org\/{rel}","templated":true}]}}